{"id":257,"date":"2011-04-10T18:05:03","date_gmt":"2011-04-10T16:05:03","guid":{"rendered":"http:\/\/www.iucuellar.org\/seddna\/?page_id=257"},"modified":"2011-06-04T02:29:56","modified_gmt":"2011-06-04T00:29:56","slug":"miguel-hernandez","status":"publish","type":"page","link":"https:\/\/www.iucuellar.org\/?page_id=257","title":{"rendered":"Miguel Hern\u00e1ndez"},"content":{"rendered":"<p align=\"center\"><img decoding=\"async\" src=\"https:\/\/i0.wp.com\/www.iucuellar.org\/MiguelHernandez\/CartelMiguelHernandez.jpg?w=800&#038;ssl=1\" alt=\"\" data-recalc-dims=\"1\" \/><\/p>\n<p><span style=\"font-size: medium;\"> En el centenario del nacimiento de Miguel Hern\u00e1ndez en Iucu\u00e9llar quisimos hacerle un homenaje y surgi\u00f3 la idea de retomar la interpretaci\u00f3n de la obra de teatro &#8220;El labrador de mas aire&#8221; que cuando se quiso interpretar por un grupo de j\u00f3venes, dirigidos por el profesor del instituto Jos\u00e9 Labrador, en el a\u00f1o 1976 fue prohibida por el gobierno civil de Segovia.<\/span><\/p>\n<p align=\"center\"><object classid=\"clsid:d27cdb6e-ae6d-11cf-96b8-444553540000\" width=\"425\" height=\"350\" codebase=\"http:\/\/download.macromedia.com\/pub\/shockwave\/cabs\/flash\/swflash.cab#version=6,0,40,0\"><param name=\"src\" value=\"http:\/\/www.youtube.com\/v\/9nwhBPsqyxA&amp;feature\" \/><\/object><\/p>\n<p><span style=\"font-size: medium;\"> En el a\u00f1o 2010 ya no existe la censura franquista y la mayor\u00eda de los ya no tan j\u00f3venes actores han retomado su ilusi\u00f3n por el teatro y se ha hecho un gran trabajo para leer la obra en presencia de p\u00fablico el d\u00eda 5 de noviembre en el aula de Lamagdalena de Cu\u00e9llar.<\/span><\/p>\n<p align=\"center\"><object classid=\"clsid:d27cdb6e-ae6d-11cf-96b8-444553540000\" width=\"425\" height=\"350\" codebase=\"http:\/\/download.macromedia.com\/pub\/shockwave\/cabs\/flash\/swflash.cab#version=6,0,40,0\"><param name=\"src\" value=\"http:\/\/www.youtube.com\/v\/Iuc4b1tzcHY&amp;feature\" \/><\/object><\/p>\n<p><span style=\"font-size: medium;\"> Y \u00bfpor qu\u00e9 no leer algunos de sus poemas?, y \u00bfpor qu\u00e9 no hablar sobre la vida de Miguel?, y &#8230;, el boca a boca ha corrido y el 30 de octubre hubo una lectura de poemas acompa\u00f1ada por una breve biograf\u00eda de Miguel Hern\u00e1ndez muy emotiva para todos, que finaliz\u00f3 con el poema dedicado a Miguel Hern\u00e1ndez por Chanh, interpretado por \u00e9l junto a Susana, Nuria y Caracol a la guitarra.<\/span><\/p>\n<p><span style=\"font-size: medium;\"> \u00danicamente lamentamos que la capacidad de la sala no ha sido suficiente ninguno de los dos d\u00edas para acoger a todas las personas que quer\u00edan participar de este homenaje a Miguel Hern\u00e1ndez con nosotros, no ha sido posible disponer en Cu\u00e9llar de un local mayor donde realizarlo ya que el \u00fanico que hay (en la sala Cronista Herrera de la Caja de Ahorros) no estaba disponible para los d\u00edas y horas que nosotros necesit\u00e1bamos.<\/span><\/p>\n<p align=\"center\"><object classid=\"clsid:d27cdb6e-ae6d-11cf-96b8-444553540000\" width=\"425\" height=\"350\" codebase=\"http:\/\/download.macromedia.com\/pub\/shockwave\/cabs\/flash\/swflash.cab#version=6,0,40,0\"><param name=\"src\" value=\"http:\/\/www.youtube.com\/v\/p0cFESncDkk&amp;feature\" \/><\/object><\/p>\n<p align=\"center\"><object classid=\"clsid:d27cdb6e-ae6d-11cf-96b8-444553540000\" width=\"425\" height=\"350\" codebase=\"http:\/\/download.macromedia.com\/pub\/shockwave\/cabs\/flash\/swflash.cab#version=6,0,40,0\"><param name=\"src\" value=\"http:\/\/www.youtube.com\/v\/K__k1bjO_Rc&amp;feature\" \/><\/object><\/p>\n<p align=\"center\"><object classid=\"clsid:d27cdb6e-ae6d-11cf-96b8-444553540000\" width=\"425\" height=\"350\" codebase=\"http:\/\/download.macromedia.com\/pub\/shockwave\/cabs\/flash\/swflash.cab#version=6,0,40,0\"><param name=\"src\" value=\"http:\/\/www.youtube.com\/v\/kURfLzqxn1g&amp;feature\" \/><\/object><\/p>\n<p><span style=\"font-size: medium;\">Mas v\u00eddeos aqu\u00ed:<\/span> <a href=\"http:\/\/www.youtube.com\/user\/iucuellar\" target=\"_blank\">canal iu cu\u00e9llar<\/a><\/p>\n","protected":false},"excerpt":{"rendered":"<p>En el centenario del nacimiento de Miguel Hern\u00e1ndez en Iucu\u00e9llar quisimos hacerle un homenaje y surgi\u00f3 la idea de retomar<\/p>\n","protected":false},"author":1,"featured_media":0,"parent":0,"menu_order":0,"comment_status":"open","ping_status":"open","template":"","meta":{"sfsi_plus_gutenberg_text_before_share":"","sfsi_plus_gutenberg_show_text_before_share":"","sfsi_plus_gutenberg_icon_type":"","sfsi_plus_gutenberg_icon_alignemt":"","sfsi_plus_gutenburg_max_per_row":"","_exactmetrics_skip_tracking":false,"_exactmetrics_sitenote_active":false,"_exactmetrics_sitenote_note":"","_exactmetrics_sitenote_category":0,"ngg_post_thumbnail":0,"footnotes":""},"yoast_head":"<!-- This site is optimized with the Yoast SEO plugin v22.9 - https:\/\/yoast.com\/wordpress\/plugins\/seo\/ -->\r\n<title>Miguel Hern\u00e1ndez - Izquierda Unida Cu\u00e9llar<\/title>\r\n<meta name=\"robots\" content=\"index, follow, max-snippet:-1, max-image-preview:large, max-video-preview:-1\" \/>\r\n<link rel=\"canonical\" href=\"https:\/\/www.iucuellar.org\/?page_id=257\" \/>\r\n<meta property=\"og:locale\" content=\"es_ES\" \/>\r\n<meta property=\"og:type\" content=\"article\" \/>\r\n<meta property=\"og:title\" content=\"Miguel Hern\u00e1ndez - Izquierda Unida Cu\u00e9llar\" \/>\r\n<meta property=\"og:description\" content=\"En el centenario del nacimiento de Miguel Hern\u00e1ndez en Iucu\u00e9llar quisimos hacerle un homenaje y surgi\u00f3 la idea de retomar\" \/>\r\n<meta property=\"og:url\" content=\"https:\/\/www.iucuellar.org\/?page_id=257\" \/>\r\n<meta property=\"og:site_name\" content=\"Izquierda Unida Cu\u00e9llar\" \/>\r\n<meta property=\"article:publisher\" content=\"https:\/\/www.facebook.com\/iucuellar\" \/>\r\n<meta property=\"article:modified_time\" content=\"2011-06-04T00:29:56+00:00\" \/>\r\n<meta property=\"og:image\" content=\"http:\/\/www.iucuellar.org\/MiguelHernandez\/CartelMiguelHernandez.jpg\" \/>\r\n<meta name=\"twitter:card\" content=\"summary_large_image\" \/>\r\n<meta name=\"twitter:site\" content=\"@IU_CUELLAR\" \/>\r\n<meta name=\"twitter:label1\" content=\"Tiempo de lectura\" \/>\n\t<meta name=\"twitter:data1\" content=\"1 minuto\" \/>\r\n<script type=\"application\/ld+json\" class=\"yoast-schema-graph\">{\"@context\":\"https:\/\/schema.org\",\"@graph\":[{\"@type\":\"WebPage\",\"@id\":\"https:\/\/www.iucuellar.org\/?page_id=257\",\"url\":\"https:\/\/www.iucuellar.org\/?page_id=257\",\"name\":\"Miguel Hern\u00e1ndez - Izquierda Unida Cu\u00e9llar\",\"isPartOf\":{\"@id\":\"https:\/\/www.iucuellar.org\/#website\"},\"primaryImageOfPage\":{\"@id\":\"https:\/\/www.iucuellar.org\/?page_id=257#primaryimage\"},\"image\":{\"@id\":\"https:\/\/www.iucuellar.org\/?page_id=257#primaryimage\"},\"thumbnailUrl\":\"http:\/\/www.iucuellar.org\/MiguelHernandez\/CartelMiguelHernandez.jpg\",\"datePublished\":\"2011-04-10T16:05:03+00:00\",\"dateModified\":\"2011-06-04T00:29:56+00:00\",\"breadcrumb\":{\"@id\":\"https:\/\/www.iucuellar.org\/?page_id=257#breadcrumb\"},\"inLanguage\":\"es\",\"potentialAction\":[{\"@type\":\"ReadAction\",\"target\":[\"https:\/\/www.iucuellar.org\/?page_id=257\"]}]},{\"@type\":\"ImageObject\",\"inLanguage\":\"es\",\"@id\":\"https:\/\/www.iucuellar.org\/?page_id=257#primaryimage\",\"url\":\"http:\/\/www.iucuellar.org\/MiguelHernandez\/CartelMiguelHernandez.jpg\",\"contentUrl\":\"http:\/\/www.iucuellar.org\/MiguelHernandez\/CartelMiguelHernandez.jpg\"},{\"@type\":\"BreadcrumbList\",\"@id\":\"https:\/\/www.iucuellar.org\/?page_id=257#breadcrumb\",\"itemListElement\":[{\"@type\":\"ListItem\",\"position\":1,\"name\":\"Inicio\",\"item\":\"https:\/\/www.iucuellar.org\/\"},{\"@type\":\"ListItem\",\"position\":2,\"name\":\"Miguel Hern\u00e1ndez\"}]},{\"@type\":\"WebSite\",\"@id\":\"https:\/\/www.iucuellar.org\/#website\",\"url\":\"https:\/\/www.iucuellar.org\/\",\"name\":\"Izquierda Unida Cu\u00e9llar y Comarca\",\"description\":\"Lugar de opini\u00f3n y discusi\u00f3n de la izquierda\",\"publisher\":{\"@id\":\"https:\/\/www.iucuellar.org\/#organization\"},\"potentialAction\":[{\"@type\":\"SearchAction\",\"target\":{\"@type\":\"EntryPoint\",\"urlTemplate\":\"https:\/\/www.iucuellar.org\/?s={search_term_string}\"},\"query-input\":\"required name=search_term_string\"}],\"inLanguage\":\"es\"},{\"@type\":\"Organization\",\"@id\":\"https:\/\/www.iucuellar.org\/#organization\",\"name\":\"IU CUELLAR\",\"url\":\"https:\/\/www.iucuellar.org\/\",\"logo\":{\"@type\":\"ImageObject\",\"inLanguage\":\"es\",\"@id\":\"https:\/\/www.iucuellar.org\/#\/schema\/logo\/image\/\",\"url\":\"https:\/\/i0.wp.com\/www.iucuellar.org\/public\/2022\/07\/cropped-avatar_redondo_Twitter.png?fit=512%2C512&ssl=1\",\"contentUrl\":\"https:\/\/i0.wp.com\/www.iucuellar.org\/public\/2022\/07\/cropped-avatar_redondo_Twitter.png?fit=512%2C512&ssl=1\",\"width\":512,\"height\":512,\"caption\":\"IU CUELLAR\"},\"image\":{\"@id\":\"https:\/\/www.iucuellar.org\/#\/schema\/logo\/image\/\"},\"sameAs\":[\"https:\/\/www.facebook.com\/iucuellar\",\"https:\/\/x.com\/IU_CUELLAR\",\"https:\/\/www.instagram.com\/iucuellar\/\",\"https:\/\/www.threads.net\/@iucuellar\"]}]}<\/script>\r\n<!-- \/ Yoast SEO plugin. -->","yoast_head_json":{"title":"Miguel Hern\u00e1ndez - Izquierda Unida Cu\u00e9llar","robots":{"index":"index","follow":"follow","max-snippet":"max-snippet:-1","max-image-preview":"max-image-preview:large","max-video-preview":"max-video-preview:-1"},"canonical":"https:\/\/www.iucuellar.org\/?page_id=257","og_locale":"es_ES","og_type":"article","og_title":"Miguel Hern\u00e1ndez - Izquierda Unida Cu\u00e9llar","og_description":"En el centenario del nacimiento de Miguel Hern\u00e1ndez en Iucu\u00e9llar quisimos hacerle un homenaje y surgi\u00f3 la idea de retomar","og_url":"https:\/\/www.iucuellar.org\/?page_id=257","og_site_name":"Izquierda Unida Cu\u00e9llar","article_publisher":"https:\/\/www.facebook.com\/iucuellar","article_modified_time":"2011-06-04T00:29:56+00:00","og_image":[{"url":"http:\/\/www.iucuellar.org\/MiguelHernandez\/CartelMiguelHernandez.jpg"}],"twitter_card":"summary_large_image","twitter_site":"@IU_CUELLAR","twitter_misc":{"Tiempo de lectura":"1 minuto"},"schema":{"@context":"https:\/\/schema.org","@graph":[{"@type":"WebPage","@id":"https:\/\/www.iucuellar.org\/?page_id=257","url":"https:\/\/www.iucuellar.org\/?page_id=257","name":"Miguel Hern\u00e1ndez - Izquierda Unida Cu\u00e9llar","isPartOf":{"@id":"https:\/\/www.iucuellar.org\/#website"},"primaryImageOfPage":{"@id":"https:\/\/www.iucuellar.org\/?page_id=257#primaryimage"},"image":{"@id":"https:\/\/www.iucuellar.org\/?page_id=257#primaryimage"},"thumbnailUrl":"http:\/\/www.iucuellar.org\/MiguelHernandez\/CartelMiguelHernandez.jpg","datePublished":"2011-04-10T16:05:03+00:00","dateModified":"2011-06-04T00:29:56+00:00","breadcrumb":{"@id":"https:\/\/www.iucuellar.org\/?page_id=257#breadcrumb"},"inLanguage":"es","potentialAction":[{"@type":"ReadAction","target":["https:\/\/www.iucuellar.org\/?page_id=257"]}]},{"@type":"ImageObject","inLanguage":"es","@id":"https:\/\/www.iucuellar.org\/?page_id=257#primaryimage","url":"http:\/\/www.iucuellar.org\/MiguelHernandez\/CartelMiguelHernandez.jpg","contentUrl":"http:\/\/www.iucuellar.org\/MiguelHernandez\/CartelMiguelHernandez.jpg"},{"@type":"BreadcrumbList","@id":"https:\/\/www.iucuellar.org\/?page_id=257#breadcrumb","itemListElement":[{"@type":"ListItem","position":1,"name":"Inicio","item":"https:\/\/www.iucuellar.org\/"},{"@type":"ListItem","position":2,"name":"Miguel Hern\u00e1ndez"}]},{"@type":"WebSite","@id":"https:\/\/www.iucuellar.org\/#website","url":"https:\/\/www.iucuellar.org\/","name":"Izquierda Unida Cu\u00e9llar y Comarca","description":"Lugar de opini\u00f3n y discusi\u00f3n de la izquierda","publisher":{"@id":"https:\/\/www.iucuellar.org\/#organization"},"potentialAction":[{"@type":"SearchAction","target":{"@type":"EntryPoint","urlTemplate":"https:\/\/www.iucuellar.org\/?s={search_term_string}"},"query-input":"required name=search_term_string"}],"inLanguage":"es"},{"@type":"Organization","@id":"https:\/\/www.iucuellar.org\/#organization","name":"IU CUELLAR","url":"https:\/\/www.iucuellar.org\/","logo":{"@type":"ImageObject","inLanguage":"es","@id":"https:\/\/www.iucuellar.org\/#\/schema\/logo\/image\/","url":"https:\/\/i0.wp.com\/www.iucuellar.org\/public\/2022\/07\/cropped-avatar_redondo_Twitter.png?fit=512%2C512&ssl=1","contentUrl":"https:\/\/i0.wp.com\/www.iucuellar.org\/public\/2022\/07\/cropped-avatar_redondo_Twitter.png?fit=512%2C512&ssl=1","width":512,"height":512,"caption":"IU CUELLAR"},"image":{"@id":"https:\/\/www.iucuellar.org\/#\/schema\/logo\/image\/"},"sameAs":["https:\/\/www.facebook.com\/iucuellar","https:\/\/x.com\/IU_CUELLAR","https:\/\/www.instagram.com\/iucuellar\/","https:\/\/www.threads.net\/@iucuellar"]}]}},"jetpack_sharing_enabled":true,"jetpack_shortlink":"https:\/\/wp.me\/P8rn8P-49","_links":{"self":[{"href":"https:\/\/www.iucuellar.org\/index.php?rest_route=\/wp\/v2\/pages\/257"}],"collection":[{"href":"https:\/\/www.iucuellar.org\/index.php?rest_route=\/wp\/v2\/pages"}],"about":[{"href":"https:\/\/www.iucuellar.org\/index.php?rest_route=\/wp\/v2\/types\/page"}],"author":[{"embeddable":true,"href":"https:\/\/www.iucuellar.org\/index.php?rest_route=\/wp\/v2\/users\/1"}],"replies":[{"embeddable":true,"href":"https:\/\/www.iucuellar.org\/index.php?rest_route=%2Fwp%2Fv2%2Fcomments&post=257"}],"version-history":[{"count":2,"href":"https:\/\/www.iucuellar.org\/index.php?rest_route=\/wp\/v2\/pages\/257\/revisions"}],"predecessor-version":[{"id":316,"href":"https:\/\/www.iucuellar.org\/index.php?rest_route=\/wp\/v2\/pages\/257\/revisions\/316"}],"wp:attachment":[{"href":"https:\/\/www.iucuellar.org\/index.php?rest_route=%2Fwp%2Fv2%2Fmedia&parent=257"}],"curies":[{"name":"wp","href":"https:\/\/api.w.org\/{rel}","templated":true}]}}