{"id":4237,"date":"2023-03-08T09:05:58","date_gmt":"2023-03-08T08:05:58","guid":{"rendered":"https:\/\/www.iucuellar.org\/?page_id=4237"},"modified":"2023-03-08T12:33:43","modified_gmt":"2023-03-08T11:33:43","slug":"aporta-propuestas-al-programa-de-iu-cuellar","status":"publish","type":"page","link":"https:\/\/www.iucuellar.org\/?page_id=4237","title":{"rendered":""},"content":{"rendered":"\n<figure class=\"wp-block-image size-large\"><img loading=\"lazy\" decoding=\"async\" width=\"800\" height=\"800\" src=\"https:\/\/i0.wp.com\/www.iucuellar.org\/public\/2023\/03\/imagenEnvioPropuestasCuellar_cuadrado.png?resize=800%2C800&#038;ssl=1\" alt=\"\" class=\"wp-image-4241\" srcset=\"https:\/\/i0.wp.com\/www.iucuellar.org\/public\/2023\/03\/imagenEnvioPropuestasCuellar_cuadrado.png?resize=1024%2C1024&amp;ssl=1 1024w, https:\/\/i0.wp.com\/www.iucuellar.org\/public\/2023\/03\/imagenEnvioPropuestasCuellar_cuadrado.png?resize=300%2C300&amp;ssl=1 300w, https:\/\/i0.wp.com\/www.iucuellar.org\/public\/2023\/03\/imagenEnvioPropuestasCuellar_cuadrado.png?resize=150%2C150&amp;ssl=1 150w, https:\/\/i0.wp.com\/www.iucuellar.org\/public\/2023\/03\/imagenEnvioPropuestasCuellar_cuadrado.png?resize=768%2C768&amp;ssl=1 768w, https:\/\/i0.wp.com\/www.iucuellar.org\/public\/2023\/03\/imagenEnvioPropuestasCuellar_cuadrado.png?w=1200&amp;ssl=1 1200w\" sizes=\"(max-width: 800px) 100vw, 800px\" data-recalc-dims=\"1\" \/><\/figure>\n\n\n\n<iframe loading=\"lazy\" src=\"https:\/\/docs.google.com\/forms\/d\/e\/1FAIpQLSdx29aUc4D6LYkPcAGYzN9x3H7VCzfgxpSa83vNimpnTXISvQ\/viewform?embedded=true\" width=\"680\" height=\"1612\" frameborder=\"0\" marginheight=\"0\" marginwidth=\"0\">Cargando\u2026<\/iframe>\n","protected":false},"excerpt":{"rendered":"<p>Cargando\u2026<\/p>\n","protected":false},"author":1,"featured_media":0,"parent":0,"menu_order":0,"comment_status":"closed","ping_status":"closed","template":"","meta":{"sfsi_plus_gutenberg_text_before_share":"","sfsi_plus_gutenberg_show_text_before_share":"","sfsi_plus_gutenberg_icon_type":"","sfsi_plus_gutenberg_icon_alignemt":"","sfsi_plus_gutenburg_max_per_row":"","_exactmetrics_skip_tracking":false,"_exactmetrics_sitenote_active":false,"_exactmetrics_sitenote_note":"","_exactmetrics_sitenote_category":0,"ngg_post_thumbnail":0,"footnotes":""},"yoast_head":"<!-- This site is optimized with the Yoast SEO plugin v22.9 - https:\/\/yoast.com\/wordpress\/plugins\/seo\/ -->\r\n<title>- Izquierda Unida Cu\u00e9llar<\/title>\r\n<meta name=\"description\" content=\"Esperamos tener participaci\u00f3n activa y escucha ciudadana centr\u00e1ndonos en las necesidades de la mayor\u00eda social.\" \/>\r\n<meta name=\"robots\" content=\"index, follow, max-snippet:-1, max-image-preview:large, max-video-preview:-1\" \/>\r\n<link rel=\"canonical\" href=\"https:\/\/www.iucuellar.org\/?page_id=4237\" \/>\r\n<meta property=\"og:locale\" content=\"es_ES\" \/>\r\n<meta property=\"og:type\" content=\"article\" \/>\r\n<meta property=\"og:title\" content=\"- Izquierda Unida Cu\u00e9llar\" \/>\r\n<meta property=\"og:description\" content=\"Esperamos tener participaci\u00f3n activa y escucha ciudadana centr\u00e1ndonos en las necesidades de la mayor\u00eda social.\" \/>\r\n<meta property=\"og:url\" content=\"https:\/\/www.iucuellar.org\/?page_id=4237\" \/>\r\n<meta property=\"og:site_name\" content=\"Izquierda Unida Cu\u00e9llar\" \/>\r\n<meta property=\"article:publisher\" content=\"https:\/\/www.facebook.com\/iucuellar\" \/>\r\n<meta property=\"article:modified_time\" content=\"2023-03-08T11:33:43+00:00\" \/>\r\n<meta property=\"og:image\" content=\"https:\/\/www.iucuellar.org\/public\/2023\/03\/imagenEnvioPropuestasCuellar_cuadrado-1024x1024.png\" \/>\r\n<meta name=\"twitter:card\" content=\"summary_large_image\" \/>\r\n<meta name=\"twitter:site\" content=\"@IU_CUELLAR\" \/>\r\n<meta name=\"twitter:label1\" content=\"Tiempo de lectura\" \/>\n\t<meta name=\"twitter:data1\" content=\"1 minuto\" \/>\r\n<script type=\"application\/ld+json\" class=\"yoast-schema-graph\">{\"@context\":\"https:\/\/schema.org\",\"@graph\":[{\"@type\":\"WebPage\",\"@id\":\"https:\/\/www.iucuellar.org\/?page_id=4237\",\"url\":\"https:\/\/www.iucuellar.org\/?page_id=4237\",\"name\":\"- Izquierda Unida Cu\u00e9llar\",\"isPartOf\":{\"@id\":\"https:\/\/www.iucuellar.org\/#website\"},\"primaryImageOfPage\":{\"@id\":\"https:\/\/www.iucuellar.org\/?page_id=4237#primaryimage\"},\"image\":{\"@id\":\"https:\/\/www.iucuellar.org\/?page_id=4237#primaryimage\"},\"thumbnailUrl\":\"https:\/\/www.iucuellar.org\/public\/2023\/03\/imagenEnvioPropuestasCuellar_cuadrado-1024x1024.png\",\"datePublished\":\"2023-03-08T08:05:58+00:00\",\"dateModified\":\"2023-03-08T11:33:43+00:00\",\"description\":\"Esperamos tener participaci\u00f3n activa y escucha ciudadana centr\u00e1ndonos en las necesidades de la mayor\u00eda social.\",\"inLanguage\":\"es\",\"potentialAction\":[{\"@type\":\"ReadAction\",\"target\":[\"https:\/\/www.iucuellar.org\/?page_id=4237\"]}]},{\"@type\":\"ImageObject\",\"inLanguage\":\"es\",\"@id\":\"https:\/\/www.iucuellar.org\/?page_id=4237#primaryimage\",\"url\":\"https:\/\/i0.wp.com\/www.iucuellar.org\/public\/2023\/03\/imagenEnvioPropuestasCuellar_cuadrado.png?fit=1200%2C1200&ssl=1\",\"contentUrl\":\"https:\/\/i0.wp.com\/www.iucuellar.org\/public\/2023\/03\/imagenEnvioPropuestasCuellar_cuadrado.png?fit=1200%2C1200&ssl=1\",\"width\":1200,\"height\":1200},{\"@type\":\"WebSite\",\"@id\":\"https:\/\/www.iucuellar.org\/#website\",\"url\":\"https:\/\/www.iucuellar.org\/\",\"name\":\"Izquierda Unida Cu\u00e9llar y Comarca\",\"description\":\"Lugar de opini\u00f3n y discusi\u00f3n de la izquierda\",\"publisher\":{\"@id\":\"https:\/\/www.iucuellar.org\/#organization\"},\"potentialAction\":[{\"@type\":\"SearchAction\",\"target\":{\"@type\":\"EntryPoint\",\"urlTemplate\":\"https:\/\/www.iucuellar.org\/?s={search_term_string}\"},\"query-input\":\"required name=search_term_string\"}],\"inLanguage\":\"es\"},{\"@type\":\"Organization\",\"@id\":\"https:\/\/www.iucuellar.org\/#organization\",\"name\":\"IU CUELLAR\",\"url\":\"https:\/\/www.iucuellar.org\/\",\"logo\":{\"@type\":\"ImageObject\",\"inLanguage\":\"es\",\"@id\":\"https:\/\/www.iucuellar.org\/#\/schema\/logo\/image\/\",\"url\":\"https:\/\/i0.wp.com\/www.iucuellar.org\/public\/2022\/07\/cropped-avatar_redondo_Twitter.png?fit=512%2C512&ssl=1\",\"contentUrl\":\"https:\/\/i0.wp.com\/www.iucuellar.org\/public\/2022\/07\/cropped-avatar_redondo_Twitter.png?fit=512%2C512&ssl=1\",\"width\":512,\"height\":512,\"caption\":\"IU CUELLAR\"},\"image\":{\"@id\":\"https:\/\/www.iucuellar.org\/#\/schema\/logo\/image\/\"},\"sameAs\":[\"https:\/\/www.facebook.com\/iucuellar\",\"https:\/\/x.com\/IU_CUELLAR\",\"https:\/\/www.instagram.com\/iucuellar\/\",\"https:\/\/www.threads.net\/@iucuellar\"]}]}<\/script>\r\n<!-- \/ Yoast SEO plugin. -->","yoast_head_json":{"title":"- Izquierda Unida Cu\u00e9llar","description":"Esperamos tener participaci\u00f3n activa y escucha ciudadana centr\u00e1ndonos en las necesidades de la mayor\u00eda social.","robots":{"index":"index","follow":"follow","max-snippet":"max-snippet:-1","max-image-preview":"max-image-preview:large","max-video-preview":"max-video-preview:-1"},"canonical":"https:\/\/www.iucuellar.org\/?page_id=4237","og_locale":"es_ES","og_type":"article","og_title":"- Izquierda Unida Cu\u00e9llar","og_description":"Esperamos tener participaci\u00f3n activa y escucha ciudadana centr\u00e1ndonos en las necesidades de la mayor\u00eda social.","og_url":"https:\/\/www.iucuellar.org\/?page_id=4237","og_site_name":"Izquierda Unida Cu\u00e9llar","article_publisher":"https:\/\/www.facebook.com\/iucuellar","article_modified_time":"2023-03-08T11:33:43+00:00","og_image":[{"url":"https:\/\/www.iucuellar.org\/public\/2023\/03\/imagenEnvioPropuestasCuellar_cuadrado-1024x1024.png"}],"twitter_card":"summary_large_image","twitter_site":"@IU_CUELLAR","twitter_misc":{"Tiempo de lectura":"1 minuto"},"schema":{"@context":"https:\/\/schema.org","@graph":[{"@type":"WebPage","@id":"https:\/\/www.iucuellar.org\/?page_id=4237","url":"https:\/\/www.iucuellar.org\/?page_id=4237","name":"- Izquierda Unida Cu\u00e9llar","isPartOf":{"@id":"https:\/\/www.iucuellar.org\/#website"},"primaryImageOfPage":{"@id":"https:\/\/www.iucuellar.org\/?page_id=4237#primaryimage"},"image":{"@id":"https:\/\/www.iucuellar.org\/?page_id=4237#primaryimage"},"thumbnailUrl":"https:\/\/www.iucuellar.org\/public\/2023\/03\/imagenEnvioPropuestasCuellar_cuadrado-1024x1024.png","datePublished":"2023-03-08T08:05:58+00:00","dateModified":"2023-03-08T11:33:43+00:00","description":"Esperamos tener participaci\u00f3n activa y escucha ciudadana centr\u00e1ndonos en las necesidades de la mayor\u00eda social.","inLanguage":"es","potentialAction":[{"@type":"ReadAction","target":["https:\/\/www.iucuellar.org\/?page_id=4237"]}]},{"@type":"ImageObject","inLanguage":"es","@id":"https:\/\/www.iucuellar.org\/?page_id=4237#primaryimage","url":"https:\/\/i0.wp.com\/www.iucuellar.org\/public\/2023\/03\/imagenEnvioPropuestasCuellar_cuadrado.png?fit=1200%2C1200&ssl=1","contentUrl":"https:\/\/i0.wp.com\/www.iucuellar.org\/public\/2023\/03\/imagenEnvioPropuestasCuellar_cuadrado.png?fit=1200%2C1200&ssl=1","width":1200,"height":1200},{"@type":"WebSite","@id":"https:\/\/www.iucuellar.org\/#website","url":"https:\/\/www.iucuellar.org\/","name":"Izquierda Unida Cu\u00e9llar y Comarca","description":"Lugar de opini\u00f3n y discusi\u00f3n de la izquierda","publisher":{"@id":"https:\/\/www.iucuellar.org\/#organization"},"potentialAction":[{"@type":"SearchAction","target":{"@type":"EntryPoint","urlTemplate":"https:\/\/www.iucuellar.org\/?s={search_term_string}"},"query-input":"required name=search_term_string"}],"inLanguage":"es"},{"@type":"Organization","@id":"https:\/\/www.iucuellar.org\/#organization","name":"IU CUELLAR","url":"https:\/\/www.iucuellar.org\/","logo":{"@type":"ImageObject","inLanguage":"es","@id":"https:\/\/www.iucuellar.org\/#\/schema\/logo\/image\/","url":"https:\/\/i0.wp.com\/www.iucuellar.org\/public\/2022\/07\/cropped-avatar_redondo_Twitter.png?fit=512%2C512&ssl=1","contentUrl":"https:\/\/i0.wp.com\/www.iucuellar.org\/public\/2022\/07\/cropped-avatar_redondo_Twitter.png?fit=512%2C512&ssl=1","width":512,"height":512,"caption":"IU CUELLAR"},"image":{"@id":"https:\/\/www.iucuellar.org\/#\/schema\/logo\/image\/"},"sameAs":["https:\/\/www.facebook.com\/iucuellar","https:\/\/x.com\/IU_CUELLAR","https:\/\/www.instagram.com\/iucuellar\/","https:\/\/www.threads.net\/@iucuellar"]}]}},"jetpack_sharing_enabled":true,"jetpack_shortlink":"https:\/\/wp.me\/P8rn8P-16l","_links":{"self":[{"href":"https:\/\/www.iucuellar.org\/index.php?rest_route=\/wp\/v2\/pages\/4237"}],"collection":[{"href":"https:\/\/www.iucuellar.org\/index.php?rest_route=\/wp\/v2\/pages"}],"about":[{"href":"https:\/\/www.iucuellar.org\/index.php?rest_route=\/wp\/v2\/types\/page"}],"author":[{"embeddable":true,"href":"https:\/\/www.iucuellar.org\/index.php?rest_route=\/wp\/v2\/users\/1"}],"replies":[{"embeddable":true,"href":"https:\/\/www.iucuellar.org\/index.php?rest_route=%2Fwp%2Fv2%2Fcomments&post=4237"}],"version-history":[{"count":4,"href":"https:\/\/www.iucuellar.org\/index.php?rest_route=\/wp\/v2\/pages\/4237\/revisions"}],"predecessor-version":[{"id":4242,"href":"https:\/\/www.iucuellar.org\/index.php?rest_route=\/wp\/v2\/pages\/4237\/revisions\/4242"}],"wp:attachment":[{"href":"https:\/\/www.iucuellar.org\/index.php?rest_route=%2Fwp%2Fv2%2Fmedia&parent=4237"}],"curies":[{"name":"wp","href":"https:\/\/api.w.org\/{rel}","templated":true}]}}